 greatest common factor of 24070 and 13323760?
290
What is the greatest common divisor of 193959476 and 296?
148
What is the highest common factor of 368 and 124087760?
368
What is the greatest common factor of 48 and 19869195?
3
What is the greatest common divisor of 9688 and 21443177?
1211
What is the highest common factor of 678119670 and 10?
10
What is the greatest common factor of 306999 and 1788633?
693
What is the greatest common divisor of 13963147 and 11?
11
Calculate the highest common divisor of 815520 and 4128.
96
Calculate the highest common factor of 5944128 and 54458.
746
Calculate the greatest common divisor of 96992 and 12376.
56
What is the greatest common factor of 4991 and 1450242?
713
What is the highest common factor of 511 and 341552400?
511
Calculate the greatest common divisor of 76 and 367588041.
19
Calculate the greatest common factor of 95781375 and 3420.
855
What is the greatest common divisor of 364 and 10323628?
28
Calculate the highest common factor of 517674 and 715566.
1434
What is the highest common divisor of 9520 and 2261595?
595
Calculate the highest common factor of 91 and 40211561.
13
Calculate the greatest common divisor of 379 and 17312341.
379
What is the greatest common divisor of 3878987 and 263?
263
What is the greatest common factor of 8543806 and 4408?
1102
What is the greatest common divisor of 3108 and 53781?
21
Calculate the greatest common divisor of 1039988828 and 2452.
2452
Calculate the highest common factor of 30 and 130067430.
30
What is the greatest common factor of 2647572 and 15753?
267
What is the greatest common factor of 12 and 1797640?
4
Calculate the highest common factor of 72034172 and 32.
4
Calculate the greatest common divisor of 344511 and 48512.
379
Calculate the greatest common factor of 20236044 and 1886.
46
Calculate the greatest common divisor of 661164 and 2310.
42
What is the highest common factor of 676152 and 90?
18
What is the greatest common divisor of 54 and 11702259?
27
What is the greatest common factor of 11225 and 90775?
25
Calculate the highest common divisor of 7106 and 81717746.
418
What is the highest common divisor of 375585 and 135240?
735
What is the greatest common divisor of 60 and 69910104?
12
What is the highest common factor of 1002 and 12878706?
1002
What is the greatest common factor of 2504 and 111016?
8
What is the highest common factor of 6 and 377482650?
6
What is the highest common factor of 182 and 26838656?
26
Calculate the highest common divisor of 1024 and 164196.
4
What is the highest common factor of 514304 and 1127?
49
Calculate the greatest common divisor of 2825 and 1101637.
113
Calculate the highest common factor of 3291829 and 207.
23
What is the highest common divisor of 5925 and 22575435?
1185
What is the highest common divisor of 702 and 29151642?
78
What is the highest common factor of 26144684 and 5944?
2972
Calculate the highest common factor of 72761018 and 814.
814
What is the highest common divisor of 55651310 and 2860?
1430
Calculate the greatest common factor of 854250 and 18258.
102
What is the highest common divisor of 2033863 and 646?
17
What is the greatest common divisor of 32585374 and 334?
334
Calculate the highest common factor of 220 and 12668.
4
What is the highest common factor of 441 and 59365656?
441
What is the highest common factor of 242 and 118675546?
22
What is the greatest common factor of 104166727 and 994?
497
Calculate the greatest common divisor of 168 and 65598918.
42
What is the highest common factor of 12536598 and 42?
6
Calculate the highest common factor of 180168 and 5448.
24
What is the greatest common factor of 34285386 and 342?
114
What is the greatest common divisor of 43914 and 42471?
39
What is the greatest common factor of 75 and 79384905?
15
What is the highest common divisor of 3894 and 15047714?
1298
What is the greatest common divisor of 292961760 and 8580?
780
What is the highest common factor of 13806 and 399666?
354
What is the greatest common divisor of 174 and 165204?
6
What is the greatest common factor of 553998580 and 380?
380
What is the greatest common divisor of 32524450 and 546?
14
Calculate the highest common divisor of 2340 and 4204395.
585
What is the greatest common factor of 2951889 and 537?
537
What is the highest common divisor of 318530 and 9396034?
1202
Calculate the greatest common factor of 3574772 and 348.
116
What is the highest common factor of 426554 and 423031?
271
What is the greatest common factor of 518796525 and 150?
75
What is the greatest common divisor of 13467 and 19269669?
201
Calculate the greatest common divisor of 35775 and 3604689.
1431
What is the highest common divisor of 8788 and 24936964?
676
Calculate the greatest common factor of 75996 and 1098.
18
Calculate the highest common factor of 100 and 92882.
2
What is the highest common divisor of 639 and 2581272?
9
What is the greatest common factor of 516 and 8748651?
129
Calculate the highest common divisor of 14805 and 1758645.
315
Calculate the highest common factor of 1885 and 872001.
377
Calculate the highest common divisor of 3162 and 49319946.
186
Calculate the highest common divisor of 264 and 585190848.
264
What is the greatest common factor of 171 and 13577229?
171
What is the greatest common factor of 1155444 and 316236?
876
What is the highest common factor of 73932 and 3180?
12
What is the highest common divisor of 6468 and 360433612?
2156
What is the greatest common divisor of 690 and 25955178?
138
Calculate the highest common divisor of 11227 and 97129.
103
Calculate the greatest common factor of 645 and 283985502.
129
What is the highest common factor of 7771515 and 360?
15
What is the greatest common factor of 38898 and 19323662?
4322
What is the highest common divisor of 1245 and 540417?
3
What is the highest common divisor of 781508 and 631358?
182
What is the highest common divisor of 1122 and 576279957?
561
Calculate the greatest common factor of 243806 and 245560.
1754
What is the greatest common factor of 19500 and 5050?
50
Calculate the highest common factor of 638900 and 3550.
50
Calculate the highest common factor of 4316042 and 102.
2
Calculate the highest common factor of 1434393958 and 236.
118
What is the highest common divisor of 25004 and 551?
19
Calculate the highest common divisor of 3132421 and 3956.
43
What is the greatest common divisor of 2879424 and 24?
24
Calculate the highest common divisor of 5951968 and 444.
148
What is the highest common divisor of 5821616 and 13583?
289
Calculate the highest common divisor of 18025 and 28007.
7
Calculate the greatest common factor of 87 and 12666533.
29
What is the highest common divisor of 14920768 and 2368?
2368
Calculate the greatest common factor of 779623 and 52.
13
Calculate the greatest common divisor of 1226658 and 1362.
6
What is the highest common factor of 228730845 and 1050?
105
What is the greatest common factor of 3372 and 17982876?
3372
Calculate the highest common divisor of 430277651 and 381.
127
What is the highest common factor of 363 and 12509827?
121
Calculate the greatest common divisor of 170243538 and 40557.
3687
Calculate the highest common factor of 108160 and 7518160.
1040
What is the greatest common factor of 78867 and 217597482?
3429
Calculate the greatest common divisor of 9434238 and 345873.
7359
What is the highest common divisor of 10030036 and 90320?
4516
Calculate the highest common factor of 10462216 and 6685.
191
What is the greatest common divisor of 548784 and 4608?
144
What is the greatest common divisor of 12195 and 368186562?
2439
What is the highest common divisor of 761088 and 245952?
192
Calculate the highest common factor of 5435272 and 112.
8
What is the highest common factor of 733881489 and 1133?
1133
Calculate the highest common factor of 3392 and 82747893.
53
What is the highest common factor of 674156 and 133?
7
What is the greatest common divisor of 10157381 and 1003?
1003
Calculate the highest common divisor of 592116 and 7252.
196
Calculate the highest common factor of 18767 and 134603.
49
What is the highest common factor of 20610478 and 21413?
931
What is the highest common divisor of 41 and 231179771?
41
Calculate the highest common factor of 1853 a